ve of -k**2/2 - k - 1. Let o be s(-1). Suppose 0 = a - o*a + 4*z - 22, a = 4*z - 18. What is the units digit of a?
2
What is the units digit of 66 + -4 + (2 - -3)?
7
Let f(u) = -2*u + 0 - 3 + u + 2. Let x be f(5). What is the units digit of (2 - 3)/(2/x)?
3
Suppose d - 38 = -5*m + 219, 2*d + m - 523 = 0. What is the hundreds digit of d?
2
Let f(u) = -u**3 - 7*u**2 + 5. Let d be f(-7). Suppose -h + 5*h - 48 = -3*l, -57 = -d*l + h. What is the tens digit of l?
1
What is the tens digit of (-56)/7*61/(-4)?
2
Let x(b) = -b + 88. What is the tens digit of x(20)?
6
Let g = 2 + 2. Suppose g = -2*r - d + 12, 22 = 5*r + 3*d. Suppose f = -r*f + 18. What is the units digit of f?
6
Let i(z) = 2*z**2 - 3*z. Let a(w) = -w**3 - 2*w**2 + 6*w + 6. Let y be a(-3). What is the tens digit of i(y)?
2
Let f(z) = 5*z**2 - 9*z. Let d be f(7). Suppose -28 = -5*u + d. What is the tens digit of u?
4
Let u = -16 - 6. Let b = 36 + u. What is the tens digit of b?
1
Suppose -3*z - 5*p = -99, 0 = -5*z + p + 2*p + 165. What is the tens digit of z?
3
Suppose 4*p = 2*p + 18. What is the units digit of p?
9
What is the tens digit of (2/8*146)/((-5)/(-30))?
1
What is the units digit of 35 - ((-4 - 0) + 12/4)?
6
Let y(d) = -2*d + 51. What is the units digit of y(-13)?
7
Let y = 128 - 80. What is the tens digit of y?
4
Let m = 12 + -8. Suppose 4*y = -d + 64, m*y - 2*d - 93 = -y. Suppose y - 77 = -4*h. What is the units digit of h?
5
Let h(u) = 5*u**2 - u - 4*u**2 + 2 - 2*u**2. What is the units digit of h(0)?
2
Let c(q) = q**2 - 4*q - 4. Suppose -2*x + 11 = 3*o, 4*o - 33 = 4*x - 3*x. What is the tens digit of c(o)?
1
Let q(u) = -u**2 + 4. Let j be q(0). Let v be (-182)/(-12) - j/24. Let s = -3 + v. What is the tens digit of s?
1
Suppose 8 = 2*t + 2. Let c(g) = g**2 + g - 7. Let q(h) = -1. Let l(w) = c(w) - 3*q(w). What is the units digit of l(t)?
8
Let v be 0/1 + 0/2. Suppose 2*d + 3*x - 20 = v, 2*x + 13 - 3 = 2*d. What is the units digit of d?
7
Let j be 7/(0 + -2 + 1). Let p = 7 + j. Suppose -5*f - 2*y - y + 117 = p, 0 = 2*f + 4*y - 58. What is the units digit of f?
1
Suppose 0 = -3*n - 257 + 863. What is the hundreds digit of n?
2
Suppose 0 = 2*w - 0*w - 16. Suppose -2*o + w*z = 4*z - 6, 3*z - 8 = -o. What is the units digit of o?
5
Suppose -3*d + 168 = -2*z, -d - z = 3*d - 224. What is the units digit of d?
6
Suppose 3*l = -14 + 2. Let r(d) = d**3 + 4*d**2 + 2. Let i be r(l). Suppose -k = -i*k + 11. What is the tens digit of k?
1
Suppose -g = -3*g - 2. Let m = 14 + g. What is the units digit of m?
3
Suppose -c + 5 = 2. Suppose -c*n + 5 - 4 = 4*a, 4*n + 8 = 4*a. What is the units digit of a?
1
Let v = -142 + 144. What is the units digit of v?
2
Let i(l) = 2*l**2 - 7*l - 5. Suppose 2*s + 22 = -4*j, -j + 8 = s - 5*s. Let p be i(j). Suppose b + p = 6*b. What is the tens digit of b?
1
Let b(l) = -l**2 + 2. Let f be b(0). Let q be 6/15*(-50)/f. Let x = q + 22. What is the tens digit of x?
1
Suppose -5*w - 14 = -h - 0*h, -2*w = -3*h - 23. Let m = -7 - h. Suppose -m*s = s - 30. What is the units digit of s?
6
Let t(x) = 1. Let g(f) = f. Let i(d) = g(d) + t(d). Let n be i(-1). What is the units digit of -5 + 6 + 0 + n?
1
Let j(c) = -c**3 - 11*c**2 + 4*c + 17. What is the units digit of j(-13)?
3
Let b be (0 - 1)/(2/60). Let n = -16 - b. What is the units digit of ((-8)/n)/((-4)/14)?
2
Let i = 9 - -6. What is the units digit of i?
5
What is the units digit of 10*((-630)/(-12))/7?
5
Suppose -3*z = -3*h + 51, -3*z + 0*h - 49 = -h. Let n = -71 - -99. Let q = z + n. What is the tens digit of q?
1
Let n(j) = 4*j - 6. Let i(d) = d - 1. Let o = 2 + 1. Let z(l) = o*n(l) - 14*i(l). What is the units digit of z(-4)?
4
Let k be 80/14 - (-4)/14. Let n be k/4*60/9. What is the units digit of (n/8)/((-4)/(-16))?
5
Let a(o) = -45*o - 11. What is the units digit of a(-2)?
9
Let p be (1*6 + -2)*-2. Let t(w) = -w**3 - 9*w**2 - 9*w - 2. What is the units digit of t(p)?
6
Suppose 6*v - 632 = 2*v. What is the tens digit of (-2)/(-3 + v/54)?
2
Suppose 0 = -3*d + 4*d - 2. Suppose 0 = -5*n - 3*h + 120, -d*h = 5*n - 4*n - 17. What is the tens digit of n?
2
Let x(f) = f + 9. Let w be x(-7). Let n be 3 - 18/4*w. What is the tens digit of (-21)/n*(1 - -3)?
1
Let t be (10/8)/((-2)/8). Let w = -3 - t. Suppose -7 = -x - w. What is the units digit of x?
5
Let v = 13 - 8. Suppose 2 = v*n - 13, 0 = -4*f - 3*n + 69. What is the tens digit of f?
1
Let k(t) = 3*t**2 + 5*t + 4. Let q be k(-2). Suppose -5*f = -q*f + 59. What is the tens digit of f?
5
Let r = -5 + 0. Let b = -3 - r. Suppose 2*x - b - 4 = 0. What is the units digit of x?
3
Let m be 9*(5/1 - 2). Let n(c) = -2*c + 12. Let j be n(6). Suppose -3*y + m = -j*y. What is the units digit of y?
9
Suppose -5*l + 5*o + 115 = 0, -2*o - 8 = -4*l + 80. What is the tens digit of l?
2
Suppose -g + 42 = 2. What is the units digit of g?
0
Let d(z) = -2*z**2 + 2*z + 3. Let t be d(3). Let x = -6 - t. Suppose 0 = s + 5, -x*s - 14 = -3*g - 2*s. What is the units digit of g?
3
Let a(q) = q**3 + 4*q**2 + q + 3. Suppose -4*n = -2*w - 7*n + 21, 0 = -2*w - 4*n + 26. Let p be (w - 1)*9/(-6). What is the units digit of a(p)?
9
Let j = -65 - -118. What is the tens digit of j?
5
Suppose 0 = 5*p - 3*p - 72. Let m = -15 + -4. Let s = m + p. What is the tens digit of s?
1
Suppose 0 = -3*y + 5*d + 163 + 22, 3*y + 3*d = 201. What is the tens digit of y?
6
Suppose 0 = 4*m + 8, -2*u + 0*u - m = -6. Suppose 4*p + 110 = u*y + 2*p, y = p + 29. What is the tens digit of y?
2
Suppose -2 + 4 = f. Let d(b) = -b**3 + b**2 + 3*b - 1. What is the units digit of d(f)?
1
Let z = 3 + 2. Suppose 0 = z*i + 4 - 24. Let n = i - -6. What is the units digit of n?
0
Let k be 3 + 0*2/6. What is the units digit of -6*-1*k/6?
3
Let a = -34 - -49. What is the tens digit of a?
1
Let c(l) = 2*l**2 + 2*l - 1. Let i be (-5 - -3) + 3 - -3. Suppose 4*o + b = i*b - 15, -3*b = 4*o + 9. What is the tens digit of c(o)?
1
Let z(s) = s**3 + 5*s**2 + s + 1. Let l be z(-5). What is the units digit of l/10 + 84/10?
8
Let q be (6/(-4))/((-3)/(-6)). Let x(j) = j - 7. Let h be x(9). What is the units digit of h + q + 7/1?
6
Let v be 0 - (-4)/(8/10). Suppose -v*j + 0 = -10. Let s = 8 + j. What is the tens digit of s?
1
Suppose 3*v + 18 = 6*v. What is the units digit of v*((-6)/4 + 2)?
3
Let p be (4 + 9/(-2))*-44. Suppose 5*a = p + 108. What is the units digit of a?
6
Let n(m) = m**3 + 8*m**2 - 10*m - 10. Let g be n(-9). What is the tens digit of (g/1 - -3) + 26?
2
Suppose -3*d + 3*q = -312, d - 6*d = -2*q - 526. Suppose 4*s - 2*x - d = 0, -s - 28 = -3*s - 4*x. What is the tens digit of s?
2
Suppose -9*k + 2496 = 4*k. What is the tens digit of k?
9
Let b = 6 - 2. Suppose 12 = -2*c + b*c. What is the units digit of c/4*(-4)/(-3)?
2
Let z = 95 - 62. What is the tens digit of z?
3
Let c = -7 + 9. Suppose -6*o = -5*i - o + 5, 0 = -4*i - c*o + 34. Suppose -4*a = -k - 35, i*a = 2*a + 5*k + 47. What is the units digit of a?
8
Let i(r) = 4*r - 6. Suppose 0*d + 30 = 5*d. What is the tens digit of i(d)?
1
Suppose 91 = 4*f + 3*w, f + 0*w + 5*w - 44 = 0. Let s be -2 + 3 + 4/(-1). Let z = f + s. What is the units digit of z?
6
Suppose -3*j - 5*g + 39 = 0, 0*j - 5*g + 7 = -j. Let s = j + -7. Let t = s - -1. What is the units digit of t?
2
Let q(a) = -a**2 - 4*a + 1. Suppose 12 = -4*h, 5*h = -0*u + 5*u. Let o be q(u). What is the units digit of (-1 - 1)*(-6)/o?
3
What is the units digit of (-32 - 0)*(-49)/14?
2
Let r = 5 + -13. What is the tens digit of (-234)/(-14) + r/(-28)?
1
Let v(b) = -b. Let p(g) = 3*g + 1. Let m(q) = -p(q) + 4*v(q). Let a be m(-1). Let w = -3 + a. What is the units digit of w?
3
Suppose -2*r - r = z - 9, -3 = 4*z - r. Suppose 3*t - 9 = -z*t. Suppose -3*i - 5 = t*b - i, 0 = b + 3*i + 11. What is the units digit of b?
1
Suppose -4*j - 5*v = 204, -5*v + 126 = -3*j - 2*v. Let g be j/(-8) - (-1)/4. Suppose -g = -3*h - 3. What is the units digit of h?
1
Let u = 26 + -19. Suppose 3*q - u*q + 16 = 0. What is the units digit of q?
4
Let n be (-56)/(-32) + 1/4. Let y be ((-2)/(-4))/(1/(-2)). Let o = n - y. What is the units digit of o?
3
Let a be 1 - (2 - 1)/(-1). Let h be (3 - 3)/(a + 1). What is the units digit of 4 - (-3 - h)/(-3)?
3
Let c = -7 - -10. Suppose p - 2*i = -6*i - 2, -c*p - 5*i = -8. Let b = p + -2. What is the units digit o